{"id":121,"date":"2023-07-03T15:21:04","date_gmt":"2023-07-03T15:21:04","guid":{"rendered":"https:\/\/gemeinsamgesund.pixel.gmbh\/?post_type=product&#038;p=121"},"modified":"2024-11-21T13:18:47","modified_gmt":"2024-11-21T13:18:47","slug":"gitterbox-epal-uic-800x120x800","status":"publish","type":"product","link":"https:\/\/gitterbox.at\/index.php\/produkt\/gitterbox-epal-uic-800x120x800\/","title":{"rendered":"Gitterbox EPAL UIC 800x120x800"},"content":{"rendered":"<h3>Gitterboxpalette individuell einsetzbar<\/h3>\n<p>Unsere Gitterboxen sind in der Lagerung vielf\u00e4ltig einsetzbar und erfreuen sich zum Beispiel auch bei Kunden aus den Bereichen Ger\u00fcstbau (Lagerung von Kleinteilen) und Weinanbau (Lagerung von Weinflaschen) gro\u00dfer Beliebtheit. Die Europoolgitterbox wird jedoch auch als, Tausch-Gitterbox, Poolbox, EUR-Gitterboxpalette, Gibo, usw. bezeichnet und ist der Klassiker im Tauschsystem des Europools.<\/p>\n","protected":false},"excerpt":{"rendered":"<p>Gitterboxpalette individuell einsetzbar Unsere Gitterboxen sind in der Lagerung vielf\u00e4ltig einsetzbar und erfreuen sich zum Beispiel auch bei Kunden aus den Bereichen Ger\u00fcstbau (Lagerung von Kleinteilen) und Weinanbau (Lagerung von Weinflaschen) gro\u00dfer Beliebtheit. Die Europoolgitterbox wird jedoch auch als, Tausch-Gitterbox, Poolbox, EUR-Gitterboxpalette, Gibo, usw. bezeichnet und ist der Klassiker im Tauschsystem des Europools.<\/p>\n","protected":false},"featured_media":612,"template":"","meta":{"_acf_changed":false},"product_brand":[],"product_cat":[21],"product_tag":[],"class_list":{"0":"post-121","1":"product","2":"type-product","3":"status-publish","4":"has-post-thumbnail","6":"product_cat-gitterbox","8":"first","9":"instock","10":"taxable","11":"shipping-taxable","12":"purchasable","13":"product-type-simple"},"acf":[],"_links":{"self":[{"href":"https:\/\/gitterbox.at\/index.php\/wp-json\/wp\/v2\/product\/121","targetHints":{"allow":["GET"]}}],"collection":[{"href":"https:\/\/gitterbox.at\/index.php\/wp-json\/wp\/v2\/product"}],"about":[{"href":"https:\/\/gitterbox.at\/index.php\/wp-json\/wp\/v2\/types\/product"}],"wp:featuredmedia":[{"embeddable":true,"href":"https:\/\/gitterbox.at\/index.php\/wp-json\/wp\/v2\/media\/612"}],"wp:attachment":[{"href":"https:\/\/gitterbox.at\/index.php\/wp-json\/wp\/v2\/media?parent=121"}],"wp:term":[{"taxonomy":"product_brand","embeddable":true,"href":"https:\/\/gitterbox.at\/index.php\/wp-json\/wp\/v2\/product_brand?post=121"},{"taxonomy":"product_cat","embeddable":true,"href":"https:\/\/gitterbox.at\/index.php\/wp-json\/wp\/v2\/product_cat?post=121"},{"taxonomy":"product_tag","embeddable":true,"href":"https:\/\/gitterbox.at\/index.php\/wp-json\/wp\/v2\/product_tag?post=121"}],"curies":[{"name":"wp","href":"https:\/\/api.w.org\/{rel}","templated":true}]}}