{"id":130,"date":"2023-07-03T15:29:34","date_gmt":"2023-07-03T15:29:34","guid":{"rendered":"https:\/\/gemeinsamgesund.pixel.gmbh\/?post_type=product&#038;p=130"},"modified":"2024-02-06T16:25:27","modified_gmt":"2024-02-06T16:25:27","slug":"gitterbox-mit-hacken","status":"publish","type":"product","link":"https:\/\/gitterbox.at\/index.php\/produkt\/gitterbox-mit-hacken\/","title":{"rendered":"Gitterbox mit Hacken"},"content":{"rendered":"<h3>Gitterboxpalette mit Hacken perfekt beim Krantransport<\/h3>\n<p>Speziell die Gitterboxen mit Hacken erfreuen sich zum Beispiel auch bei Kunden aus den Bereichen Ger\u00fcstbau (Lagerung von Kleinteilen) gro\u00dfer Beliebtheit. Diese Gitterboxen k\u00f6nnen perfekt mit einem Kran manipuliert werden.<\/p>\n","protected":false},"excerpt":{"rendered":"<p>Gitterboxpalette mit Hacken perfekt beim Krantransport Speziell die Gitterboxen mit Hacken erfreuen sich zum Beispiel auch bei Kunden aus den Bereichen Ger\u00fcstbau (Lagerung von Kleinteilen) gro\u00dfer Beliebtheit. Diese Gitterboxen k\u00f6nnen perfekt mit einem Kran manipuliert werden.<\/p>\n","protected":false},"featured_media":131,"template":"","meta":{"_acf_changed":false},"product_brand":[],"product_cat":[21],"product_tag":[],"class_list":{"0":"post-130","1":"product","2":"type-product","3":"status-publish","4":"has-post-thumbnail","6":"product_cat-gitterbox","8":"first","9":"outofstock","10":"taxable","11":"shipping-taxable","12":"purchasable","13":"product-type-simple"},"acf":[],"_links":{"self":[{"href":"https:\/\/gitterbox.at\/index.php\/wp-json\/wp\/v2\/product\/130","targetHints":{"allow":["GET"]}}],"collection":[{"href":"https:\/\/gitterbox.at\/index.php\/wp-json\/wp\/v2\/product"}],"about":[{"href":"https:\/\/gitterbox.at\/index.php\/wp-json\/wp\/v2\/types\/product"}],"wp:featuredmedia":[{"embeddable":true,"href":"https:\/\/gitterbox.at\/index.php\/wp-json\/wp\/v2\/media\/131"}],"wp:attachment":[{"href":"https:\/\/gitterbox.at\/index.php\/wp-json\/wp\/v2\/media?parent=130"}],"wp:term":[{"taxonomy":"product_brand","embeddable":true,"href":"https:\/\/gitterbox.at\/index.php\/wp-json\/wp\/v2\/product_brand?post=130"},{"taxonomy":"product_cat","embeddable":true,"href":"https:\/\/gitterbox.at\/index.php\/wp-json\/wp\/v2\/product_cat?post=130"},{"taxonomy":"product_tag","embeddable":true,"href":"https:\/\/gitterbox.at\/index.php\/wp-json\/wp\/v2\/product_tag?post=130"}],"curies":[{"name":"wp","href":"https:\/\/api.w.org\/{rel}","templated":true}]}}