{"id":573,"date":"2023-10-04T18:36:33","date_gmt":"2023-10-04T18:36:33","guid":{"rendered":"https:\/\/gitterbox.at\/?post_type=product&#038;p=573"},"modified":"2024-11-21T13:16:48","modified_gmt":"2024-11-21T13:16:48","slug":"holz-aufsatzrahmen-20-cm-hoehe","status":"publish","type":"product","link":"https:\/\/gitterbox.at\/index.php\/produkt\/holz-aufsatzrahmen-20-cm-hoehe\/","title":{"rendered":"Holz-Aufsatzrahmen &#8211; 20 cm H\u00f6he"},"content":{"rendered":"<p>Holz-Aufsatzrahmen NEU passend f\u00fcr\u00a0 Europalette,<br \/>\nklappbar (platzsparende Aufbewahrung).<br \/>\nDiese Aufsatzrahmen\u00a0 sind stapelbar.<\/p>\n<p>1200x800x200 mm<\/p>\n<p>Eine Europalette ist nicht im Lieferumfang enthalten!<\/p>\n<p>&nbsp;<\/p>\n<p><strong>VERSANDOPTIONEN:<br \/>\nAbholung: <\/strong>Ist jederzeit bei unserem Firmenstandort in Wippenham m\u00f6glich.<\/p>\n<p><strong>Versand: <\/strong>Ist \u00d6sterreichweit m\u00f6glich. (Weitere EU-L\u00e4nder auf Anfrage.)<strong><br \/>\n<\/strong>Die Versandkosten werden nach Lieferort ermittelt.<br \/>\nWir bitte um Ihr Verst\u00e4ndnis und werden Ihnen die Frachtkosten (PLZ-genau) in einen separaten Angebot nennen.<br \/>\nBitte nutze hierzu die ANFRAGE-OPTION im Warenkorb.<\/p>\n","protected":false},"excerpt":{"rendered":"<p>Holz-Aufsatzrahmen NEU passend f\u00fcr\u00a0 Europalette, klappbar (platzsparende Aufbewahrung). Diese Aufsatzrahmen\u00a0 sind stapelbar. 1200x800x200 mm Eine Europalette ist nicht im Lieferumfang enthalten! &nbsp; VERSANDOPTIONEN: Abholung: Ist jederzeit bei unserem Firmenstandort in Wippenham m\u00f6glich. Versand: Ist \u00d6sterreichweit m\u00f6glich. (Weitere EU-L\u00e4nder auf Anfrage.) Die Versandkosten werden nach Lieferort ermittelt. Wir bitte um Ihr Verst\u00e4ndnis und werden Ihnen die [&hellip;]<\/p>\n","protected":false},"featured_media":604,"template":"","meta":{"_acf_changed":false},"product_brand":[],"product_cat":[25],"product_tag":[],"class_list":{"0":"post-573","1":"product","2":"type-product","3":"status-publish","4":"has-post-thumbnail","6":"product_cat-aufsatzrahmen","8":"first","9":"instock","10":"taxable","11":"shipping-taxable","12":"purchasable","13":"product-type-simple"},"acf":[],"_links":{"self":[{"href":"https:\/\/gitterbox.at\/index.php\/wp-json\/wp\/v2\/product\/573","targetHints":{"allow":["GET"]}}],"collection":[{"href":"https:\/\/gitterbox.at\/index.php\/wp-json\/wp\/v2\/product"}],"about":[{"href":"https:\/\/gitterbox.at\/index.php\/wp-json\/wp\/v2\/types\/product"}],"wp:featuredmedia":[{"embeddable":true,"href":"https:\/\/gitterbox.at\/index.php\/wp-json\/wp\/v2\/media\/604"}],"wp:attachment":[{"href":"https:\/\/gitterbox.at\/index.php\/wp-json\/wp\/v2\/media?parent=573"}],"wp:term":[{"taxonomy":"product_brand","embeddable":true,"href":"https:\/\/gitterbox.at\/index.php\/wp-json\/wp\/v2\/product_brand?post=573"},{"taxonomy":"product_cat","embeddable":true,"href":"https:\/\/gitterbox.at\/index.php\/wp-json\/wp\/v2\/product_cat?post=573"},{"taxonomy":"product_tag","embeddable":true,"href":"https:\/\/gitterbox.at\/index.php\/wp-json\/wp\/v2\/product_tag?post=573"}],"curies":[{"name":"wp","href":"https:\/\/api.w.org\/{rel}","templated":true}]}}