{"id":624,"date":"2023-10-04T13:06:09","date_gmt":"2023-10-04T13:06:09","guid":{"rendered":"https:\/\/gitterbox.at\/?post_type=product&#038;p=624"},"modified":"2024-01-31T13:59:09","modified_gmt":"2024-01-31T13:59:09","slug":"einwegpalette","status":"publish","type":"product","link":"https:\/\/gitterbox.at\/index.php\/produkt\/einwegpalette\/","title":{"rendered":"Einwegpalette"},"content":{"rendered":"<p>Einwegpalette<\/p>\n<p>1,20 x 0,80<\/p>\n<p>BEI GR\u00d6SSEREN MENGEN BITTE ANFRAGEN!!!<br \/>\nNUR SOLANGE DER VORRAT REICHT<\/p>\n<p>&nbsp;<\/p>\n<p><strong>VERSANDOPTIONEN:<br \/>\nAbholung: <\/strong>Ist jederzeit bei unserem Firmenstandort in Wippenham m\u00f6glich.<\/p>\n<p><strong>Versand: <\/strong>Ist \u00d6sterreichweit m\u00f6glich. (Weitere EU-L\u00e4nder auf Anfrage.)<strong><br \/>\n<\/strong>Die Versandkosten werden nach Lieferort ermittelt.<br \/>\nWir bitte um Ihr Verst\u00e4ndnis und werden Ihnen die Frachtkosten (PLZ-genau) in einen separaten Angebot nennen.<br \/>\nBitte nutze hierzu die ANFRAGE-OPTION im Warenkorb.<\/p>\n","protected":false},"excerpt":{"rendered":"<p>Einwegpalette 1,20 x 0,80 BEI GR\u00d6SSEREN MENGEN BITTE ANFRAGEN!!! NUR SOLANGE DER VORRAT REICHT &nbsp; VERSANDOPTIONEN: Abholung: Ist jederzeit bei unserem Firmenstandort in Wippenham m\u00f6glich. Versand: Ist \u00d6sterreichweit m\u00f6glich. (Weitere EU-L\u00e4nder auf Anfrage.) Die Versandkosten werden nach Lieferort ermittelt. Wir bitte um Ihr Verst\u00e4ndnis und werden Ihnen die Frachtkosten (PLZ-genau) in einen separaten Angebot nennen. [&hellip;]<\/p>\n","protected":false},"featured_media":625,"template":"","meta":{"_acf_changed":false},"product_brand":[],"product_cat":[20],"product_tag":[],"class_list":{"0":"post-624","1":"product","2":"type-product","3":"status-publish","4":"has-post-thumbnail","6":"product_cat-palette","7":"product_shipping_class-versand-ohne-preis","9":"first","10":"instock","11":"taxable","12":"shipping-taxable","13":"purchasable","14":"product-type-simple"},"acf":[],"_links":{"self":[{"href":"https:\/\/gitterbox.at\/index.php\/wp-json\/wp\/v2\/product\/624","targetHints":{"allow":["GET"]}}],"collection":[{"href":"https:\/\/gitterbox.at\/index.php\/wp-json\/wp\/v2\/product"}],"about":[{"href":"https:\/\/gitterbox.at\/index.php\/wp-json\/wp\/v2\/types\/product"}],"wp:featuredmedia":[{"embeddable":true,"href":"https:\/\/gitterbox.at\/index.php\/wp-json\/wp\/v2\/media\/625"}],"wp:attachment":[{"href":"https:\/\/gitterbox.at\/index.php\/wp-json\/wp\/v2\/media?parent=624"}],"wp:term":[{"taxonomy":"product_brand","embeddable":true,"href":"https:\/\/gitterbox.at\/index.php\/wp-json\/wp\/v2\/product_brand?post=624"},{"taxonomy":"product_cat","embeddable":true,"href":"https:\/\/gitterbox.at\/index.php\/wp-json\/wp\/v2\/product_cat?post=624"},{"taxonomy":"product_tag","embeddable":true,"href":"https:\/\/gitterbox.at\/index.php\/wp-json\/wp\/v2\/product_tag?post=624"}],"curies":[{"name":"wp","href":"https:\/\/api.w.org\/{rel}","templated":true}]}}